et f = t - -39. What are the prime factors of f?
11
Let a(f) = -f**3 - 10*f**2 + 21*f - 2. What are the prime factors of a(-12)?
2, 17
Suppose 2*a + 3*c - 31 = -2*a, -9 = 3*c. Let w be 10*(16/a - 2). Let z = 7 + w. List the prime factors of z.
3
Let b(a) = -26*a - 1. Let n be b(-1). Let k = n + -14. What are the prime factors of ((-4)/1)/2 + k?
3
Let v(i) = -i**3 + 5*i**2 + 10*i - 1. Let f(g) = -g**3 + 5*g**2 + 9*g. Let s(j) = 4*f(j) - 3*v(j). List the prime factors of s(6).
3
Suppose 3*j - 6 = j. Suppose -2*n - 8 = -j*n. What are the prime factors of n?
2
Let j(b) be the second derivative of b**5/20 - 3*b**4/4 - 5*b**3/3 + 11*b**2/2 + 4*b. List the prime factors of j(10).
11
Let f = -6 + 9. Suppose f*n = n + 6. Suppose 17 = 4*s + 2*t + n*t, -37 = -5*s - t. What are the prime factors of s?
2
Suppose 0 = -0*u - 4*u - 20, -3*b - 4*u + 1 = 0. Let n be b - ((-1)/(-1) - -1). Suppose n + 5 = 2*q. What are the prime factors of q?
5
Let m be 2/4 + 558/4. Suppose 5*a = -0*a + m. List the prime factors of a.
2, 7
Let p(i) = -i - 1. Let b be p(-4). Suppose -3*x - q + 23 = b*q, 4*q = -x + 13. List the prime factors of x.
5
Let a be (8 + -6)*(-2)/(-1). Suppose -4*u + 12 = a*y - 20, 2*y + 24 = 3*u. List the prime factors of u.
2
Let a(q) = -q**3 + 9*q**2 - q + 9. Let n be a(9). Suppose 2 - 8 = -3*m + 4*l, n = 2*m + 3*l - 21. What are the prime factors of m?
2, 3
Let m(q) = -39*q**3 - 16*q**2 + 5*q - 11. Let j(f) = -8*f**3 - 3*f**2 + f - 2. Let i(r) = -11*j(r) + 2*m(r). What are the prime factors of i(1)?
2, 5
Let s = 19 + -10. Let z = 9 + s. What are the prime factors of z?
2, 3
Let t = 6 + -1. Suppose -2*n = 3*n + t*v + 25, 4*n + 15 = v. List the prime factors of (-40)/n + (-2)/2.
3
Let i be (-366)/(-9) - (-2)/(-3). Suppose 2*m = 3*u - m, -5*u + i = 5*m. Suppose 3*f + 4*p = 2*f + 13, 0 = 4*f + u*p - 28. What are the prime factors of f?
5
Suppose 3*k + 2*k - 265 = 0. List the prime factors of k.
53
Let k(z) = -z**3 + 5*z**2 + 2*z - 4. Let j be k(5). Let u = j - 5. Suppose -3*t - u = -22. List the prime factors of t.
7
Let z(c) = -6*c**3 + 15*c**2 - 3*c - 7. Let m(r) = r**3 - r**2 + r. Let v(n) = 5*m(n) + z(n). What are the prime factors of v(10)?
13
Let d = -120 + 179. What are the prime factors of d?
59
Let y = 106 + -46. Suppose -3*g + 9 = -y. What are the prime factors of g?
23
Let g be 73/(-4) - (-2)/8. Let f(u) = -12*u + 22. Let l be f(4). Let b = g - l. List the prime factors of b.
2
Let w be 6/((6/9)/(-2)). Let f = w - -33. What are the prime factors of f?
3, 5
Let n = -1 + 5. Suppose -3*v = -4*v - n, -3*i + v - 50 = 0. Let h = i - -38. List the prime factors of h.
2, 5
Suppose -10*r + 612 = -r. List the prime factors of r.
2, 17
Let y be ((-3)/(-3))/(1 - 0). Let s(t) = 14*t - 1. List the prime factors of s(y).
13
Let d(l) = l**3 - 6*l**2 - 4*l - 8. Let w be d(7). Let f = w - 3. Suppose -5*a - f + 40 = 0. What are the prime factors of a?
2, 3
Let y be (3 - 5) + 5 + -3. Suppose y = 2*t - 31 - 15. What are the prime factors of t?
23
Let g = 107 - -95. List the prime factors of g.
2, 101
Let q = -29 - -41. List the prime factors of (1 + -3)/((-2)/q).
2, 3
Let s = 2 + -4. Let x = s - 5. Let l(a) = -a**2 - 8*a - 1. What are the prime factors of l(x)?
2, 3
Let b(f) = 4*f**2 - 9*f + 2. List the prime factors of b(5).
3, 19
Let c = 50 - 11. What are the prime factors of c?
3, 13
Let p be (-4)/(-10) - (-604)/(-10). What are the prime factors of p/(-4)*(-6)/(-10)?
3
Let u(n) = n**2 + 3*n - 4. Let x be u(-4). Suppose x*l - 5 = 5*l. Let p(h) = -7*h. List the prime factors of p(l).
7
Suppose 6*w - 192 - 330 = 0. List the prime factors of w.
3, 29
Suppose -2*k - 5*q + 25 = 0, 4*k = -3*q + 5*q + 14. Suppose -44 = -4*a - r + 49, 5*a - k*r - 85 = 0. List the prime factors of a.
2, 11
Let z = 62 + -50. List the prime factors of z.
2, 3
Suppose -173 = -9*l + 214. List the prime factors of l.
43
Let j = 10 - 14. Let u be 2 - 10/(-4)*j. Let z = 1 - u. What are the prime factors of z?
3
Let x = 262 - 9. What are the prime factors of x?
11, 23
Let y(a) be the first derivative of a**4/4 + a**3/3 + a**2/2 + 5. Suppose 0 = -5*i + 5 + 5. What are the prime factors of y(i)?
2, 7
Suppose -z = -5*t + 114, -5*t - 5*z + 52 = -38. List the prime factors of t.
2, 11
Let h(t) = -t**2 - 17*t - 13. List the prime factors of h(-14).
29
Suppose -40 = 5*c - 0*c. Let a be c/(-20) + 36/10. Suppose 14 = a*b + 2*t, -2*t - 7 + 0 = -3*b. List the prime factors of b.
3
Let o = -1 - -3. Let x(h) = 2*h**2 - 3. Let b be x(-3). Suppose -o*c + 35 = b. What are the prime factors of c?
2, 5
List the prime factors of 1/2*(-2 + 98).
2, 3
Let u be (3 - 3)/(-3 - -1). Suppose u = 4*w + 11 - 51. List the prime factors of w.
2, 5
Suppose 18 = 3*b - 3*x, 0 = 5*x + 14 - 4. Suppose 3*a + b - 34 = 0. What are the prime factors of a?
2, 5
List the prime factors of (-318)/(-12)*(-1 + 3).
53
Let z(f) = 14*f**2 - 9*f + 5. What are the prime factors of z(3)?
2, 13
Let d = -9 + -6. Let w = d + 23. List the prime factors of w.
2
Let y(k) = k**2 - 2*k - 42. What are the prime factors of y(-15)?
3, 71
Suppose 2*v + 0 + 6 = 0, -a + 2*v = -8. Suppose 3*f - 15 = 3*b, f - b = -a*f + 13. Suppose 3*o - f = o. What are the prime factors of o?
2
What are the prime factors of (1 - 2)/(8/(-232))?
29
Suppose 5*u + 0 = 15. Suppose y - u*n - 7 = 0, -3*y = -0*n + 4*n - 21. Suppose 1 = -d + y. List the prime factors of d.
2, 3
Suppose 5*v = 1 + 9. Let j = v + 0. What are the prime factors of j?
2
Suppose 2*x + 6 = 3*x. Suppose -x*u = -u - 150. What are the prime factors of u?
2, 3, 5
Let g = 87 + -46. What are the prime factors of g?
41
Let u = 12 + 3. List the prime factors of u.
3, 5
Let t = 7 + 0. Let q(p) = 4*p - 3. What are the prime factors of q(t)?
5
Suppose -z = -4*z + 261. Let h = 132 - z. What are the prime factors of ((-4)/5)/((-3)/h)?
2, 3
Suppose q - 2 = t, 3*q - t + 0*t = 10. Let k = q + 9. What are the prime factors of k?
13
Let i(r) = r**3 + 5*r**2 + 2*r + 5. Let g be (0 - -1)*(-4)/1. What are the prime factors of i(g)?
13
Suppose 1 = -5*r - 5*x + 136, 85 = 3*r + 4*x. What are the prime factors of r?
23
Let g(a) = a**2 - a - 6. Let u be g(0). Let x = u + 9. Suppose -x = -c - 1. List the prime factors of c.
2
Suppose -10 = 2*j, 3*j = -5*y + j + 200. List the prime factors of (-46)/(-14) + (-12)/y.
3
Let m = -22 - -50. List the prime factors of m.
2, 7
Suppose -3*c + 196 = -5*n, n + 2*n = -3*c + 180. What are the prime factors of c?
2, 31
Suppose 731 + 247 = 6*t. List the prime factors of t.
163
Let u(v) = 12*v**2 + 2*v + 1. Let d be u(2). Suppose 0 = -4*j - 5 + d. List the prime factors of j.
2, 3
Suppose p + 22 + 5 = 0. What are the prime factors of 2/(21/p - -1)?
3
Let c = -13 + 8. Let d = 7 + c. Let t(x) = 3*x - 2. List the prime factors of t(d).
2
Let g(b) = 9*b**2 + 2*b + 3. List the prime factors of g(-2).
5, 7
What are the prime factors of 2*4*(-151)/(-8)?
151
Let o be (0 + 1 + -3)*-1. List the prime factors of (9/o)/(7/28).
2, 3
Let f(m) = -m**2 - 3*m - 6. Let o be f(5). Let q = o - -69. List the prime factors of q.
23
Let r(d) = d**3 + 2*d**2 - 7*d. List the prime factors of r(3).
2, 3
Suppose d - 452 = -3*d. List the prime factors of d.
113
Let l(u) = -u**2 + 15*u + 8. List the prime factors of l(12).
2, 11
Suppose 19 = -g - 2*y + 4*y, 4*g + 76 = 3*y. Let z = g + 60. List the prime factors of z.
41
List the prime factors of 106 + -1 + 4/1.
109
Let c = -178 - -310. List the prime factors of c.
2, 3, 11
Let k(n) = n + 7. Let j(c) be the third derivative of -c**6/120 + c**5/20 + c**4/4 - c**3/2 + 3*c**2. Let z be j(4). What are the prime factors of k(z)?
2, 3
Let m(z) = 77*z + 9. List the prime factors of m(1).
2, 43
Suppose -5*z + 2*s + 73 = 0, 0 = -3*z + 7*z - 5*s - 55. Suppose 6*d - d = z. What are the prime factors of d?
3
Suppose 22*s - 23*s + 13 = 0. List the prime factors of s.
13
Suppose 6 = -2*i, -3*f - 4*i = -3*i - 351. List the prime factors of f.
2, 59
Let w(u) = u**2 + 6*u - 11. Let q be w(-8). Suppose -1 - 7 = -2*z + b, 3*b + 20 = q*z. List the prime factors of z.
2
Suppose -3*y + 88 = -5*t, 0 = -2*y - 3*t + 7*t + 62. What are the prime factors of y?
3, 7
Let b(s) = -12*s - 9. What are the prime factors of b(-7)?
3, 5
Let z = 10 - 7. Suppose 4*l - 1 = z. What are the prime factors of 264/16 - l/(-